In base 3, what is -120202122101100120 + -1?
-120202122101100121
In base 15, what is 47e2 + -29e?
4543
In base 16, what is 71 + -120de?
-1206d
In base 13, what is -191543 - -56?
-1914ba
In base 11, what is 4117866a2 + 3?
4117866a5
In base 6, what is -3441152335 - -102?
-3441152233
In base 7, what is -13142605 - 0?
-13142605
In base 9, what is 4727472 - 2?
4727470
In base 16, what is -3f761c - -8?
-3f7614
In base 2, what is -101000000111 - 101001100?
-101101010011
In base 4, what is 22 + 100233211?
100233233
In base 9, what is -11 + 150312021?
150312010
In base 11, what is 1948a8a - 64?
1948a26
In base 7, what is 65462101 - 0?
65462101
In base 15, what is -3 + 439cc94?
439cc91
In base 11, what is -62 - -4a980?
4a919
In base 12, what is 1b2b70 - -295a?
1b590a
In base 6, what is 0 - 50133104?
-50133104
In base 16, what is -38 - e5fb?
-e633
In base 6, what is 4401 + -214511?
-210110
In base 11, what is -a - -a24813?
a24804
In base 15, what is 4 + 1e0798?
1e079c
In base 12, what is -4 + a922111?
a922109
In base 14, what is 48cc65 + 3d?
48cca4
In base 12, what is -4 + 75889?
75885
In base 11, what is 1227917 - 20?
12278a7
In base 15, what is 58d0b9 + -5?
58d0b4
In base 4, what is 13 + -2212231210?
-2212231131
In base 9, what is -85108086 + 7?
-85108078
In base 2, what is 1011110 - -100101110110011011?
100101110111111001
In base 8, what is -3433 - 3316?
-6751
In base 15, what is -3 - 534958c?
-5349590
In base 2, what is 101110 + -1101111000100?
-1101110010110
In base 4, what is 1301 + 33212332?
33220233
In base 11, what is 2 - 35668064?
-35668062
In base 7, what is 64 - 655606?
-655512
In base 16, what is 115bb - -986?
11f41
In base 2, what is -11010000010 - -101110000001111101?
101101100111111011
In base 10, what is 7684 + 16312?
23996
In base 10, what is -38335 + -2687?
-41022
In base 3, what is 22222110200202 + -120?
22222110200012
In base 5, what is -23334011 + 103?
-23333403
In base 15, what is 1 - 1c3286?
-1c3285
In base 10, what is -42 - 58401?
-58443
In base 13, what is -c + -b9b9c72?
-b9b9c81
In base 11, what is -2a + 364560?
364531
In base 15, what is 7a23c + 0?
7a23c
In base 16, what is 0 - 60632f?
-60632f
In base 14, what is aa + -723c?
-7172
In base 3, what is -1101100120222211 + 111?
-1101100120222100
In base 13, what is 48c + -125533?
-125074
In base 9, what is 180 - 166363?
-166173
In base 16, what is 83af8 + 1f?
83b17
In base 16, what is -1c55e - -3b8?
-1c1a6
In base 4, what is 2330 + 2200032003?
2200100333
In base 2, what is -110011010010110001 - -10000101?
-110011010000101100
In base 13, what is -458a1ca - -13?
-458a1b7
In base 5, what is 1 + -11421444404?
-11421444403
In base 7, what is -14 - 44631011?
-44631025
In base 6, what is 5512 - 535?
4533
In base 7, what is -1402 - 1530442?
-1532144
In base 16, what is -6c37e17 + 5?
-6c37e12
In base 13, what is 0 - -8a6983?
8a6983
In base 10, what is -8687 - 23051?
-31738
In base 14, what is dc6163b - -4?
dc61641
In base 11, what is -2 - -3323546?
3323544
In base 16, what is 396488 - 5?
396483
In base 3, what is 21021122 - -10211201?
102010100
In base 5, what is -24430321 - -1213?
-24424103
In base 11, what is 158aa80 + -1?
158aa7a
In base 8, what is -7 + 6774544?
6774535
In base 9, what is 23407621 + 2?
23407623
In base 16, what is 512 + -5fd6b?
-5f859
In base 13, what is 12584 + -204?
12380
In base 14, what is -69d + -56da?
-5d99
In base 7, what is 2 + 125531453?
125531455
In base 4, what is 1332123123023 + 101?
1332123123130
In base 3, what is 0 - -211120110212210?
211120110212210
In base 6, what is 2524503005 - 1?
2524503004
In base 10, what is -1424139 - 9?
-1424148
In base 15, what is -662b0 + 30?
-66280
In base 8, what is 41745 - 175?
41550
In base 12, what is 31957 - -2154?
33aab
In base 6, what is 11245 + 43233?
54522
In base 5, what is 1113004040 - -11?
1113004101
In base 12, what is -a3 - -7107?
7024
In base 6, what is 20515 - -44202?
105121
In base 13, what is -11a39bb0 - 5?
-11a39bb5
In base 6, what is 1452131442 + 5?
1452131451
In base 15, what is -784 + 45bc2?
4543d
In base 3, what is -210021021220 + -1?
-210021021221
In base 7, what is -25466166 - 1?
-25466200
In base 9, what is 12226607 + 3?
12226611
In base 16, what is 61 - -1f076?
1f0d7
In base 9, what is -143346 - 152?
-143508
In base 10, what is -398 + 2090892?
2090494
In base 13, what is a3281 - -214?
a3495
In base 16, what is -40 - 1d4d?
-1d8d
In base 8, what is 135011630 + 4?
135011634
In base 5, what is -324 + -2233143221?
-2233144100
In base 15, what is 3ac5e + ed?
3ad5c
In base 15, what is -25ac18 - -2?
-25ac16
In base 4, what is -10222 + 1133321?
1123033
In base 4, what is 11 + -1222330312201?
-1222330312130
In base 13, what is -15416 + 430?
-14cb6
In base 3, what is -10210010001 - -1120?
-10210001111
In base 15, what is 24d7 - -19ec?
3ed4
In base 12, what is 87 - -780ba?
78185
In base 6, what is -5231524 - -105?
-5231415
In base 2, what is -110100101 - 10000100001000?
-10001010101101
In base 10, what is -1685143 + -5?
-1685148
In base 4, what is 12001 + -1221100?
-1203033
In base 4, what is -1 + 232222130310?
232222130303
In base 5, what is -240443104043 - 3?
-240443104101
In base 3, what is 201211 - -1210012212211?
1210020121122
In base 6, what is -124005 + 10102?
-113503
In base 4, what is -1023121020 + -10333?
-1023132013
In base 11, what is -628106 + 5?
-628101
In base 9, what is -445 + 2631418?
2630863
In base 5, what is 22413 - -10414442?
10442410
In base 11, what is -8271 - -588?
-7794
In base 10, what is 66433 + -799?
65634
In base 2, what is -110001011111100 - 101100111?
-110010001100011
In base 14, what is -599c11 + -4?
-599c15
In base 4, what is 110003321 + -312?
110003003
In base 15, what is -2d - -3d8262?
3d8234
In base 2, what is -1 + -11010101100000101010?
-11010101100000101011
In base 11, what is 1759 + 3173a?
33398
In base 9, what is 6 - 3263003?
-3262886
In base 4, what is 1123222210 - 2?
1123222202
In base 8, what is 3206403 - -15?
3206420
In base 8, what is -5576 + -4700?
-12476
In base 11, what is -2576988a + -1?
-25769890
In base 2, what is 101101 - 10011100100101101011?
-10011100100100111110
In base 15, what is 2007544a - -5?
20075450
In base 2, what is 101110111100110 - 101000101000?
101001110111110
In base 9, what is -1074 + 31037?
28853
In base 16, what is -7df3 + -298?
-808b
In base 16, what is -2462704 + -3?
-2462707
In base 12, what is 7231b7b - 4?
7231b77
In base 2, what is 10001001 - 10010100111000101?
-10010100100111100
In base 4, what is -13 + 11313100200233?
11313100200220
In base 2, what is 11011001000101111000 - 110000011?
11011000111111110101
In base 16, what is -2 - -307719?
307717
In base 10, what is -14868 - -2676?
-12192
In base 13, what is 851c2 + -12?
851b0
In base 11, what is -2175a1 - 1?
-2175a2
In base 16, what is -426e - 4de?
-474c
In base 16, what is -3 + -2e37815?
-2e37818
In base 5, what is 14 - -1003344003?
1003344022
In base 6, what is 304 - 4144432?
-4144124
In base 13, what is -25366 + -49?
-253b2
In base 6, what is 0 - 113433110?
-113433110
In base 16, what is 3 + 175b78?
175b7b
In base 2, what is 1010011111010101001 - -10101?
1010011111010111110
In base 7, what is 42643260 + 4?
42643264
In base 15, what is 35322a + 272?
35349c
In base 2, what is 1010100010101101011001001000 - -100?
1010100010101101011001001100
In base 15, what is -234 - -6ab8?
6884
In base 6, what is 404 - -31002001?
31002405
In base 4, what is -1233213 + 3013331?
1120112
In base 8, what is -2 + -673346003?
-673346005
In base 13, what is 1 - -6c07678?
6c07679
In base 15, what is 0 + 111aa6?
111aa6
In base 7, what is 2631 + 120203?
123134
In base 7, what is -23 - 2556053?
-2556106
In base 5, what is 2321 + 144344114?
144401440
In base 13, what is -486c - 723a?
-baa9
In base 9, what is 15846 - 2687?
13148
In base 11, what is 1 + -1445341?
-1445340
In base 11, what is 3 - 21863052?
-2186304a
In base 5, what is -10314 + -314141?
-330010
In base 2, what is 1000011101 + 111010111100010101111?
111010111101011001100
In base 16, what is 1a2fdca + -5?
1a2fdc5
In base 3, what is -10 - -2111100100000120?
2111100100000110
In base 13, what is -3c389 + 3a?
-3c34c
In base 16, what is -ae - 2686?
-2734
In base 7, what is 3153601655 - -11?
3153601666
In base 7, what is 161 - -55003400?
55003561
In bas